*-15 is divided by 9.
8
Suppose m = 2*n + 2*n - 14, 0 = -2*n + 10. Suppose -x = -m*x + 35. Suppose 0 = z - 20 + 8. Calculate the remainder when z is divided by x.
5
Suppose h - 2 = -0*h. Let k(i) = 9*i. What is the remainder when k(h) is divided by 5?
3
Let c = 5 - 2. Suppose 0 = 2*r - 2, -c*z = -3*r - 59 - 70. What is the remainder when z is divided by ((-1)/3)/((-1)/69)?
21
Suppose -2*y = 4*y - 90. Calculate the remainder when 27 is divided by y.
12
Suppose 5*p + 0*p + 25 = 0, -3*p - 9 = 2*w. Let q = w - 1. Let i = 8 + q. Calculate the remainder when 18 is divided by i.
8
What is the remainder when 11 is divided by (4 - (-8 - -4)) + -4 + 2?
5
Suppose 5*k - 900 = -255. What is the remainder when k is divided by 27?
21
Let z = -8 - -12. Suppose -53 = -z*y + 75. Calculate the remainder when y is divided by 2/(-1 - 19/(-17)).
15
Suppose 0 = -3*y - 5*w + 110, -3*w = -5*y - 4*w + 154. What is the remainder when 87 is divided by y?
27
Suppose -2*k = -0 + 8. Calculate the remainder when (53 - 10) + (1 - 4) is divided by (-14)/5*20/k.
12
Suppose -35 = g - 8*g. Calculate the remainder when 21 is divided by g.
1
Suppose -4*t + 140 = -0*t. What is the remainder when 67 is divided by t?
32
Suppose -5*m + 20 = 0, 2*z - 5*m = -0*z + 18. Calculate the remainder when 49 is divided by z.
11
Let w(x) = 2*x + 58. What is the remainder when w(-8) is divided by 22?
20
Let y(l) = l**2 + l + 6. Calculate the remainder when y(3) is divided by 5.
3
Let k = 98 - 67. What is the remainder when k is divided by 8?
7
Let c(z) = z**3 + 9*z**2 + 4*z + 6. Suppose -5*n = 15 - 80. Calculate the remainder when c(-8) is divided by n.
12
Let z(w) = -w**3 + 5*w**2 - 6*w + 7. Calculate the remainder when 54 is divided by z(3).
5
Let m(k) = -k**2 - 9*k + 2. Let p be m(-9). Suppose -5*t = -h - p*h - 54, t = 5*h + 2. Calculate the remainder when 1 + 0 + (32 - -1) is divided by t.
10
Suppose 5*w - 13 = 52. Suppose z - 4*n = 6*z - 229, 2*n = -3*z + 139. Calculate the remainder when z is divided by w.
10
Let v(s) = -5*s + 5. Let l be v(-4). Let z = l + 20. Calculate the remainder when z is divided by 12.
9
Suppose -6*x = -x - 25. Let u = x - 1. What is the remainder when 28/(-1 - -2 - -1) is divided by u?
2
Suppose 2*t = 4*t - 14. What is the remainder when 26 is divided by t?
5
Suppose 5*f - 156 = -21. Let r = -119 + 225. Calculate the remainder when r is divided by f.
25
Let x(r) = -6*r**2 - r. Let n be x(-3). Suppose 2*t + 0*i - i - 16 = 0, 4*t = -4*i + 44. What is the remainder when 2/6*-1*n is divided by t?
8
Suppose 2*l - 25 = -5*r, -r - 2*r = -5*l + 78. Let z be (2 + -2)*(1 - 0). Suppose 2*x - 5*x + 129 = z. What is the remainder when x is divided by l?
13
Let w = 16 - 8. What is the remainder when 38 is divided by w?
6
Let m(x) = -5*x + 1. Let g be m(1). Let l be g/6 - 28/3. Let w = 15 + l. Calculate the remainder when 14 is divided by w.
4
Let y(s) = 9*s - 14. Calculate the remainder when 25 is divided by y(3).
12
Let q(d) = d + 1. Let n be q(4). Let m = 223 + -130. Suppose -n*p + m = 4*x, x = -x + 2*p + 24. Calculate the remainder when 67 is divided by x.
16
Let j(v) be the first derivative of v**3/3 + 3*v**2 + 9*v + 1. Let p = 4 + 13. Calculate the remainder when p is divided by j(-6).
8
Let d(a) = a**3 - a**2 - 2. Let g be (-2)/(-8) + 5/(-20). Let s be d(g). What is the remainder when 26 is divided by (-20)/s - (-1 - -2)?
8
Suppose 4*t + 0 = 4. Let u be (0 - t)*1 - 1. Calculate the remainder when -13*(-1 + u)/3 is divided by 7.
6
Suppose -2*y = q - 0*q - 4, -3*q = -y - 5. Let m be (1 - -2)/(-1 - -2). Suppose g = m*g - 8. Calculate the remainder when g is divided by q.
0
Suppose -6*d = -2*d + 56. Let m = 18 + d. What is the remainder when 13 is divided by m?
1
Suppose 5*o = -u + 68, 0 = -4*u + u - 6. What is the remainder when o is divided by 9?
5
Suppose 3*q = 27 + 6. Suppose 0 = -y + 1, -4*y - 2 + 6 = -2*r. Suppose r*u + 100 = 5*u. What is the remainder when u is divided by q?
9
Suppose -f = -16 + 7. Calculate the remainder when f is divided by 4.
1
Let w be 2/(-8) + 21/4. Let h = -3 + w. Let z = 4 - 3. What is the remainder when h is divided by z?
0
Suppose -7 = -2*f + 19. Calculate the remainder when 38 is divided by f.
12
Suppose 5*x = 35 - 10. Suppose 2*u + 39 = x*u. Suppose -5*a + 117 = 3*o + 2, -5*o = 0. Calculate the remainder when a is divided by u.
10
Let y(n) = -n**3 - n**2 + 6*n - 13. What is the remainder when y(-6) is divided by 22?
21
What is the remainder when 132 is divided by (86 + -1)*20/50?
30
Let k(i) = i**2 - 6*i + 7. Let h be k(5). What is the remainder when 16 is divided by (0 + 7 - h) + 4?
7
Let s = 80 - 50. What is the remainder when s is divided by ((-2)/1)/((-1)/8)?
14
What is the remainder when (-8)/20 + 4/(-30)*-48 is divided by (-8)/6*(-1 - 2)?
2
Suppose 20 = 5*l - r, 2*l - l = -r + 10. Suppose 0 = 6*k - 2*k - 360. Suppose -5*i + o + 0*o = -k, 0 = -l*o. What is the remainder when i is divided by 7?
4
Suppose -2*y + 0 = -10. Calculate the remainder when 22 is divided by y.
2
Let d(h) = -2*h + 6. Let y(n) = 6*n - 17. Let x(o) = -8*d(o) - 3*y(o). Let b = 0 - -4. Calculate the remainder when x(-4) is divided by b.
3
Suppose 0 = -3*u + o - 3*o + 5, -5*o = 10. Let w = -139 - -146. What is the remainder when w is divided by u?
1
Suppose -5*x = 4*g - 216, x + 27 - 189 = -3*g. Suppose 15 = 2*v - 41. What is the remainder when g is divided by v?
26
What is the remainder when 6/54*6 - (-85)/3 is divided by 6?
5
Suppose -7*w + 3*w + 16 = 0. Suppose -2*k + 3*k - 5 = -3*l, -5*k = -2*l - 76. Calculate the remainder when w is divided by -1 + (k + 2)/4.
1
Let u(h) = -2*h + 1. Suppose -4*z - s = -z - 39, -2*s = 4*z - 50. What is the remainder when z is divided by u(-2)?
4
Let r(s) = -2*s**3 - 5*s**2 - 2*s + 3. Let o be r(-4). Suppose -o = -4*a + 1. What is the remainder when 57 is divided by a?
12
Let t(s) = -s**2 + 14*s + 25. Calculate the remainder when t(11) is divided by 30.
28
Suppose -2 + 3 = -n, 3*v + 2*n = -137. Calculate the remainder when 44 is divided by 1*v/(-6)*2.
14
Let d(h) = 3*h + 5. Calculate the remainder when d(11) is divided by 10.
8
Let j = -83 - -118. Let h = j + 9. Calculate the remainder when h is divided by 15.
14
Let v = 36 - 28. What is the remainder when 14 is divided by v?
6
Suppose 2*o = -l + 10, 2*o - 3*l = 5 + 5. What is the remainder when 12 is divided by o?
2
Let v(d) = -2*d**2 + 20*d - 24. What is the remainder when 31 is divided by v(8)?
7
Let z = 56 + -54. Let d = 4 + -10. Calculate the remainder when d/3*(-47)/z is divided by 12.
11
Suppose 4*a = d + 2*d + 234, 3*a - 2*d = 175. Calculate the remainder when a is divided by 20.
17
Let s = -5 + 24. Let v(n) = -29*n + 12 + 13*n**2 + 5 + 26*n + n**3. What is the remainder when v(-13) is divided by s?
18
Calculate the remainder when (-88)/(-10)*75/30 is divided by 12.
10
Let t = -123 - -136. Let u = 3 - 0. Suppose -u*v - 75 = -6*v. Calculate the remainder when v is divided by t.
12
Suppose -7*w = -3*w - 12. Suppose 5*z = -4*q + 44, w*q - 2*z - 2*z - 2 = 0. What is the remainder when q is divided by 2?
0
Let m(u) = -9*u + 3 - 6 - 3. Calculate the remainder when m(-8) is divided by 17.
15
Let v = 101 + -28. Let r = v - 29. Suppose 0 = 5*c - 123 + 48. Calculate the remainder when r is divided by c.
14
Let l be ((-4)/(-2) - 3) + 5. Suppose -n = -3*v - 20, -52 = -l*n - 0*v - 2*v. Calculate the remainder when 3/((-2)/(-18) + 0) is divided by n.
13
Let h(m) = -8*m - 1. Let v be h(-2). Let g = 34 - v. Let c(i) = i**2 - 3*i + 3. What is the remainder when g is divided by c(4)?
5
Let k = -10 - 4. Let w = k - -21. Let x(m) = m**2 + m + 13. Calculate the remainder when x(0) is divided by w.
6
Calculate the remainder when 20 is divided by -2 + (-55)/(-4) + 3/12.
8
Let x be (-9)/(54/8)*6. Let k be -54 - (-2)/2 - -1. Let w = x - k. Calculate the remainder when w is divided by 23.
21
Let x be (-1 - -2) + 4 + 0. Suppose -3*o = -x*o + 18. What is the remainder when 35 is divided by o?
8
Let k(a) = 5 + 2*a + 3*a + a**2 + 0*a + 3*a. What is the remainder when 41 is divided by k(-9)?
13
Let f(d) = d**3 + 10*d**2 + d + 10. Let t be f(-5). Suppose 0 = -4*r - 3*s + 104, 2*s = 5*r - s - t. What is the remainder when r is divided by 14?
12
Let r = -42 + 47. What is the remainder when 12 is divided by r